mainder when s(l) is divided by (-10 + 0 - -5) + 2 - -19?
13
Let s be 65 - (0 + -1 + 2). Suppose 5 = 5*i, -s = -5*l + i - 0*i. Let o = -93 - -131. Calculate the remainder when o is divided by l.
12
Let f = 23947 - 23743. What is the remainder when f is divided by (-4)/(-3)*(29 + -2)?
24
Let i(m) = -52*m - 92. Suppose -14*b - 7 - 105 = 0. Calculate the remainder when i(b) is divided by 25.
24
Let k = -144 - -301. Let v(g) = -g**2 + 430*g + 2626. What is the remainder when k is divided by v(-6)?
7
Let g(j) = 13*j - 3. Let r be (-11)/(22/(-24)) - (1 - 1). Let m = 4 + r. What is the remainder when g(5) is divided by m?
14
Let o = 256 - 193. Calculate the remainder when 34/(o/15 + -4) is divided by 9.
8
Suppose 108 = m - 3*u, 6*m + 372 = 9*m + 3*u. Suppose -35*q + m = -30*q. Suppose -11 = -2*p - 1. Calculate the remainder when q is divided by p.
4
Suppose -3*t = 5*o - 140, 100 = -6*o + 11*o - 5*t. Calculate the remainder when o is divided by 14.
11
Suppose q + q - 42 = -5*n, -4*q + 4*n = -84. Suppose 156 + 453 = q*s. What is the remainder when s is divided by 5?
4
Let h(i) = -13*i + 1939. Calculate the remainder when h(-96) is divided by 80.
67
Suppose -5*s + 167*f = 169*f - 3788, -4*s + 3044 = 5*f. What is the remainder when s is divided by 69?
66
Let d be 8/(-24) + (-284)/(-6). Let z = 49 - d. Calculate the remainder when 15 is divided by (z + 32/(-18))*3*6.
3
Suppose -8*f + 54 + 10 = 0. Suppose 6*u + 4 = 3*r + f*u, -4*r + u = -9. Calculate the remainder when 10 is divided by r.
0
Suppose 158 - 522 = -26*f. Suppose 5 = -4*u + 5*u. Suppose -40 = -u*l + 80. Calculate the remainder when l is divided by f.
10
Let u(o) = 15*o**3 - o**2. Suppose -377*y + 13787 = 94*y + 340*y. Calculate the remainder when u(2) is divided by y.
14
Suppose -145 = -15*r + 10*r. Let o(q) = -q**2 + 31*q + 1. What is the remainder when 117 is divided by o(r)?
58
Let d = 3172 + -2898. Calculate the remainder when 1094 is divided by d.
272
Let m(p) = p**3 - 9*p**2 + 3. Let t be m(9). Suppose 11*o - t + 3 = 0. What is the remainder when 42 + 5 - o/(1 + 0) is divided by 17?
13
Let n(o) = -15*o + 56 + 11 - o. Calculate the remainder when 2*-1*(-10)/4 is divided by n(4).
2
Let p = -301 + 543. Let t = 176076 - 175993. What is the remainder when p is divided by t?
76
Let r(j) = 3*j**2 + 3*j - 17. Let p be r(-6). Let b = -39 + p. Suppose 29 + b = 9*a. What is the remainder when 32 is divided by a?
4
Suppose -188*m + v = -192*m + 658, 0 = -3*m - 2*v + 496. Calculate the remainder when m is divided by 81.
2
Suppose 5*o - 215 = g, -3*o + 3*g + 104 + 25 = 0. Suppose 2*q - 323 = 4*c + 103, 2*q - c - 426 = 0. Calculate the remainder when q is divided by o.
41
Suppose 4*l - 5 = 7. Suppose -3*g - 14 = i, 4*g + 14 = -l*i - 3. Calculate the remainder when (-3)/g - (-1068)/20 is divided by 15.
9
Let w(q) = q**3 + q**2 - 5*q**2 - 10*q + 13*q**2 + 33 + 3*q**2. What is the remainder when w(-12) is divided by (31 - (0 + 0))*1?
29
Let l = -17788 + 18013. Calculate the remainder when 629 is divided by l.
179
Suppose 0 = -r - 6*x + 3*x + 22, 5*x = 2*r + 11. What is the remainder when 1558 is divided by r?
4
Suppose -2*k + 2 = 0, -21*z - 2*k + 234 = -17*z. Calculate the remainder when 5449 is divided by z.
55
Suppose -1426 = -13*c + 1226. Suppose -19*l - c = -21*l. Calculate the remainder when l is divided by 26.
24
Let w be ((-1044)/(-290))/(1 - 7/10). Let x = 42 - w. Let g = -62 + 149. Calculate the remainder when g is divided by x.
27
Let s(r) = 1 - 1146*r - 1147*r - 6*r**3 + r**2 + 2297*r. Let u be 1 - 2 - 2/2. What is the remainder when s(u) is divided by 23?
22
Let q(f) = -8*f + 36. Let y be q(4). Suppose 0 = -2*o - y*o + 228. What is the remainder when 143 is divided by o?
29
Suppose 6 + 2 = -2*x, 5*c = -2*x + 482. Suppose 0 = 21*i + 12*i - 924. Calculate the remainder when c is divided by i.
14
Calculate the remainder when (-118)/(-5)*((-475650)/(-60))/21 is divided by 45.
44
Let c = -1561 + 1648. Calculate the remainder when 353 is divided by c.
5
Let l = -16 - -32. Suppose 0 = -3*x - 4*n + 73 - 28, -x = 4*n - 23. Suppose -4*s - 13*j + 24 = -x*j, -5*j = 10. Calculate the remainder when l is divided by s.
2
Suppose b = x - 473, 6*x = x - 5*b + 2405. Let g(j) = -x - 5*j**2 + 2*j**2 + 466 - 4*j**2 + j**3 + 4*j. What is the remainder when 62 is divided by g(7)?
11
Let k(i) = 2*i**2 - 70*i + 75. Let a be k(34). Suppose -3*m = a*m - 40. What is the remainder when 52 is divided by m?
0
Let p(r) = 2*r - 11. Suppose -3*f - 61 + 19 = -3*z, 5*z - 38 = -3*f. What is the remainder when p(z) is divided by 4?
1
Let r = -37 - 113. Let f = 237 + r. What is the remainder when 168 is divided by f?
81
Let s(h) be the second derivative of h**4/12 - 10*h**3/3 + 7*h**2 + 105*h. Calculate the remainder when s(20) is divided by 0 - (90/(-3))/3.
4
Let a(u) = 44*u**3 - 6*u**2 + 4*u - 3. What is the remainder when a(2) is divided by 113?
107
Suppose 0 = -406*x + 467*x - 1952. Suppose 48 = 4*u - 20. What is the remainder when x is divided by u?
15
Let c(l) = -2*l**3 - l - 1. Let g(q) = 5*q**3 + 27*q**2 - 25*q + 66. Let f(v) = 3*c(v) + g(v). Calculate the remainder when 35 is divided by f(26).
2
Let q = -731 - -751. Suppose -30*x - q = -140. What is the remainder when x is divided by (6/(-4))/(3/(-4))?
0
Let o = -185 + 144. Let y = -37 - o. What is the remainder when y is divided by 2?
0
Let h(t) = 295*t - 496. Calculate the remainder when h(4) is divided by 172.
168
Suppose 0 = 12*c - 21*c + 207. Calculate the remainder when 263 is divided by c.
10
Suppose i - 4*j - 443 = 0, 88*j - 12 = 84*j. Calculate the remainder when i is divided by 76.
75
Let t(x) = 6*x**3 - 4*x**2 + 23*x + 63. Let k(u) = u**3 - u**2 + 5*u + 13. Let i(c) = -11*k(c) + 2*t(c). Calculate the remainder when 301 is divided by i(-4).
1
Suppose -4*h + 1093 = 2*i + 1077, -5*i - 4*h = -64. Calculate the remainder when 89 is divided by i.
9
Suppose 2416 + 35024 = 8*x. Suppose -6*v + x = 20*v. Calculate the remainder when v is divided by 17.
10
Suppose -8*x = -230 + 46. Suppose -53 = -a + 5*z, z + 196 - x = 3*a. Suppose -23*g + 24*g = 12. What is the remainder when a is divided by g?
10
Let j(s) = -34*s**3 - 8*s**2 + 9*s - 4. Let q be j(2). Let f = -228 - q. What is the remainder when f is divided by 15?
2
Suppose 373 - 5590 = -37*h. What is the remainder when 174 is divided by h?
33
Let a = 407 - 361. Calculate the remainder when a + -8 - (-2 - 0) is divided by 11.
7
Let z(d) = -4*d**2 + 58*d + 23. Calculate the remainder when z(9) is divided by 32.
29
Suppose w = 3*w - 16. Suppose 55*a - 720 = 49*a. Suppose -32 = -w*u + a. Calculate the remainder when u is divided by 10.
9
Let a(q) = -q**2 - 24*q - 9. Let u = 363 - 369. Calculate the remainder when a(u) is divided by 20.
19
Let j = -108 - -186. Suppose 2458 = 5*h + 453. Let k = -380 + h. What is the remainder when j is divided by k?
15
Let w = -38892 + 75341. What is the remainder when w is divided by 225?
224
Let v = 7702 + -7674. What is the remainder when (0 - 10)/(4/(-16)) is divided by v?
12
Let t be -6 + (-5 - 1) + 15. Suppose 0 = t*g - 8*g - 4*d + 619, -g + 118 = -5*d. What is the remainder when g is divided by 32?
27
Suppose 7*g + 3645 = 16*g. Suppose 5*o = -3*q + 673, 3*o + 3*q - g = -0*q. Let u(j) = -j**2 - 10*j + 3. Calculate the remainder when o is divided by u(-6).
26
Let w = -389 - -561. Calculate the remainder when w is divided by (2 + -23)*-4*45/108.
32
Let u(i) = 6*i + 8 - 27*i - 20. What is the remainder when u(-3) is divided by 26?
25
Suppose -o = -f - 790, -74*o - 3954 = -79*o + 4*f. Calculate the remainder when o is divided by 199.
197
Let p = -15548 - -17586. Calculate the remainder when p is divided by 13.
10
Let s(f) = -2*f**2 - 117*f + 114. What is the remainder when s(-50) is divided by 320?
4
What is the remainder when ((-193940)/(-50) - 5) + -4 + (-12)/(-10) is divided by 11?
10
Let g(y) = y**2 - 144*y - 287. Calculate the remainder when 161 is divided by g(-2).
1
Suppose 2*o - 23 = 3*c, -o - 2*o = c - 29. Calculate the remainder when 18 is divided by o.
8
Let u = 6257 + -4333. What is the remainder when 1934 is divided by u?
10
Suppose 24*f - 58*f = 16*f - 206950. What is the remainder when f is divided by 10?
9
Suppose -218*r + 214*r + d = -646, -4*r + 634 = d. Calculate the 